lculate the remainder when 984165 is divided by 6001.
1
What is the remainder when 9033140 is divided by 23709?
11
What is the remainder when 2371809 is divided by 391?
3
Calculate the remainder when 827184 is divided by 275648.
240
Calculate the remainder when 118857 is divided by 2361.
807
Calculate the remainder when 3298972 is divided by 128.
28
Calculate the remainder when 168067 is divided by 83914.
239
What is the remainder when 16124 is divided by 6604?
2916
What is the remainder when 27839781 is divided by 713?
696
What is the remainder when 16130395 is divided by 780?
775
Calculate the remainder when 333016 is divided by 2712.
2152
Calculate the remainder when 761 is divided by 598.
163
What is the remainder when 17099516 is divided by 798?
770
What is the remainder when 19793 is divided by 30?
23
Calculate the remainder when 10318741 is divided by 28.
13
What is the remainder when 1763346 is divided by 50?
46
What is the remainder when 3048963 is divided by 111?
15
What is the remainder when 15457837 is divided by 92?
89
Calculate the remainder when 128762374 is divided by 3639.
3637
What is the remainder when 560328 is divided by 559067?
1261
What is the remainder when 75109 is divided by 37083?
943
Calculate the remainder when 1316722 is divided by 657789.
1144
Calculate the remainder when 124441 is divided by 480.
121
Calculate the remainder when 16842159 is divided by 96794.
3
Calculate the remainder when 9236966 is divided by 76.
2
What is the remainder when 5740 is divided by 369?
205
What is the remainder when 285070 is divided by 142499?
72
What is the remainder when 1112958 is divided by 248?
182
Calculate the remainder when 71631 is divided by 44.
43
What is the remainder when 5507505 is divided by 1835805?
90
Calculate the remainder when 62320 is divided by 1885.
115
What is the remainder when 958563 is divided by 278?
19
What is the remainder when 87481 is divided by 447?
316
Calculate the remainder when 5932753 is divided by 384.
337
What is the remainder when 105090 is divided by 94?
92
What is the remainder when 14434382 is divided by 3932?
10
Calculate the remainder when 5333156 is divided by 70.
66
What is the remainder when 122293 is divided by 7041?
2596
What is the remainder when 35212 is divided by 2521?
2439
Calculate the remainder when 129285821 is divided by 43095266.
23
Calculate the remainder when 1388151 is divided by 246.
219
Calculate the remainder when 3003300 is divided by 154.
146
What is the remainder when 6323 is divided by 502?
299
What is the remainder when 11661 is divided by 314?
43
What is the remainder when 23027242 is divided by 814?
810
Calculate the remainder when 952408 is divided by 476201.
6
Calculate the remainder when 2865949 is divided by 1075.
1074
What is the remainder when 85559 is divided by 5009?
406
Calculate the remainder when 158951 is divided by 1709.
14
Calculate the remainder when 855354 is divided by 2354.
852
Calculate the remainder when 5140285 is divided by 565.
480
Calculate the remainder when 261792 is divided by 37279.
839
Calculate the remainder when 1522776 is divided by 10359.
3
Calculate the remainder when 562398802 is divided by 33.
31
What is the remainder when 4343035 is divided by 1453?
18
Calculate the remainder when 9988 is divided by 563.
417
What is the remainder when 303118 is divided by 18937?
126
Calculate the remainder when 123772912 is divided by 78.
16
Calculate the remainder when 16974581 is divided by 4.
1
Calculate the remainder when 131033194 is divided by 42.
40
Calculate the remainder when 1196890 is divided by 2075.
1690
What is the remainder when 5132775 is divided by 154?
109
What is the remainder when 779449 is divided by 61?
52
What is the remainder when 60951 is divided by 642?
603
What is the remainder when 157492 is divided by 51574?
2770
Calculate the remainder when 14282 is divided by 5409.
3464
What is the remainder when 55924585 is divided by 148?
121
What is the remainder when 9886183 is divided by 6309?
6289
Calculate the remainder when 358848 is divided by 23906.
258
What is the remainder when 417711 is divided by 19?
15
Calculate the remainder when 2227299 is divided by 367.
343
What is the remainder when 27092 is divided by 3482?
2718
What is the remainder when 38326 is divided by 6120?
1606
What is the remainder when 3512371 is divided by 2927?
2898
Calculate the remainder when 57896 is divided by 6681.
4448
Calculate the remainder when 1190445 is divided by 169830.
1635
Calculate the remainder when 16493663 is divided by 10.
3
What is the remainder when 233860 is divided by 6154?
8
What is the remainder when 46417 is divided by 1600?
17
What is the remainder when 1326747 is divided by 17457?
15
What is the remainder when 1019361 is divided by 1637?
1147
Calculate the remainder when 2330158 is divided by 3022.
196
Calculate the remainder when 142512942 is divided by 301.
278
What is the remainder when 10156586 is divided by 405?
401
What is the remainder when 524731 is divided by 524718?
13
Calculate the remainder when 129771708 is divided by 64885829.
50
What is the remainder when 378265115 is divided by 1137?
1133
Calculate the remainder when 167188321 is divided by 27864717.
19
What is the remainder when 11889094 is divided by 11?
8
Calculate the remainder when 43372 is divided by 1822.
1466
Calculate the remainder when 14524 is divided by 235.
189
Calculate the remainder when 2339601 is divided by 2339539.
62
What is the remainder when 1098993 is divided by 366155?
528
Calculate the remainder when 23875616 is divided by 314.
312
What is the remainder when 11174 is divided by 74?
0
What is the remainder when 1094388 is divided by 542688?
9012
Calculate the remainder when 71626 is divided by 89.
70
What is the remainder when 148174778 is divided by 734?
730
What is the remainder when 80032872 is divided by 96658?
48
What is the remainder when 312902 is divided by 1307?
529
Calculate the remainder when 106 is divided by 62.
44
Calculate the remainder when 4921455 is divided by 2460618.
219
What is the remainder when 7048125 is divided by 251?
45
What is the remainder when 344376 is divided by 170792?
2792
What is the remainder when 4276167 is divided by 1425382?
21
What is the remainder when 330392 is divided by 808?
728
What is the remainder when 709150 is divided by 6?
4
What is the remainder when 1904202 is divided by 380823?
87
What is the remainder when 1320746 is divided by 660128?
490
What is the remainder when 228300 is divided by 63?
51
Calculate the remainder when 3539746 is divided by 1121.
749
Calculate the remainder when 31831172 is divided by 78790.
12
What is the remainder when 21153973 is divided by 149?
145
Calculate the remainder when 72136 is divided by 636.
268
What is the remainder when 2065007 is divided by 1032489?
29
What is the remainder when 12280288 is divided by 1348?
8
Calculate the remainder when 272032 is divided by 36.
16
What is the remainder when 151629 is divided by 21659?
16
Calculate the remainder when 7448213 is divided by 2340.
2333
Calculate the remainder when 69555 is divided by 69522.
33
Calculate the remainder when 17497299 is divided by 61.
59
What is the remainder when 1624838 is divided by 7964?
182
What is the remainder when 2835696467 is divided by 869?
868
Calculate the remainder when 14069792 is divided by 553.
366
Calculate the remainder when 14353114 is divided by 261.
202
Calculate the remainder when 1544196 is divided by 2175.
2121
What is the remainder when 324669 is divided by 952?
37
What is the remainder when 280704 is divided by 5848?
0
Calculate the remainder when 771965 is divided by 5.
0
Calculate the remainder when 3231593 is divided by 807897.
5
What is the remainder when 2319593 is divided by 1278?
23
What is the remainder when 4407417 is divided by 440738?
37
Calculate the remainder when 14899 is divided by 377.
196
What is the remainder when 24937264 is divided by 534?
532
Calculate the remainder when 74747 is divided by 4408.
4219
Calculate the remainder when 2049460 is divided by 6611.
50
What is the remainder when 22903562 is divided by 11451762?
38
Calculate the remainder when 213187 is divided by 378.
373
Calculate the remainder when 38510710 is div